{"id":171,"date":"2021-01-04T18:15:41","date_gmt":"2021-01-04T17:15:41","guid":{"rendered":"https:\/\/abo-workshop.de\/content\/?page_id=171"},"modified":"2025-01-14T10:47:35","modified_gmt":"2025-01-14T09:47:35","slug":"systemische-werkzeuge","status":"publish","type":"page","link":"https:\/\/abo-workshop.de\/content\/systemische-werkzeuge\/","title":{"rendered":"Systemische Werkzeuge"},"content":{"rendered":"\n<p><strong>Systemische Werkzeuge<\/strong> Umgang mit Widerstand bei Change Projekten ABO-Workshop am <strong>Sa 18.05.2019 von 14.00-18.00 Uhr<\/strong> Moderation Gerhard Brockschmidt\u00a0<a href=\"http:\/\/www.focus-on-synergy.de\/\" target=\"_blank\" rel=\"noreferrer noopener\">http:\/\/www.focus-on-synergy.de\/<\/a><br>Ort: focus-on-synergy, bei Gerhard Brockschmidt, Hainweg 10, 64297 Darmstadt<br><br><\/p>\n\n\n\n<figure class=\"wp-block-image\"><img decoding=\"async\" src=\"https:\/\/abo-workshop.de\/Bilder\/05-2019-Change.gif\" alt=\"Systemische Werkzeuge Change und Changemanagement\"\/><\/figure>\n\n\n\n<h3 class=\"wp-block-heading\"><strong>Systemische Werkzeuge<\/strong> Umgang mit Widerstand bei Change Projekten<\/h3>\n\n\n\n<p>In der OE tauchen immer wieder Heilsversprechen oder \u201e<strong>Zauberkn\u00f6pfe<\/strong>\u201c auf, die man&nbsp;<strong>einfach nur dr\u00fccken<\/strong>&nbsp;muss, damit das Change Projekt schnell und kosteng\u00fcnstig durchgezogen werden kann.<\/p>\n\n\n\n<p>Allerdings funktionieren diese Kn\u00f6pfe h\u00e4ufig nicht, weil die Zielgruppe einfach nicht einsehen will, dass das Projekt f\u00fcr sie Vorteile hat. Sie sehen meistens nur den Mehraufwand und den Stress durch das Verlassen ihrer bisherigen Komfortzone.<\/p>\n\n\n\n<p>Ich m\u00f6chte bei unserem Treffen einen Blick werfen auf systemisches Handwerkszeug jenseits\u00a0<strong>einfacher \u201eKn\u00f6pfe\u201c und simpler Erfolgsversprechen<\/strong>.<\/p>\n\n\n\n<h2 class=\"wp-block-heading\">Systemische Werkzeuge<\/h2>\n\n\n\n<p>Es geht darum Menschen in einer komplexen Situation zu begleiten und Change systemisch zu unterst\u00fctzen. Den Fokus f\u00fcr unseren ABO-Workshop m\u00f6chte ich auf eine Auswahl an 3 systemischen Werkzeugen setzen:<\/p>\n\n\n\n<ul class=\"wp-block-list\"><li><strong>Systemische Fragen<\/strong>, mit denen man die&nbsp;<strong>Wirklichkeitskonstruktionen der Stakeholder<\/strong>&nbsp;erfahren kann<\/li><li><strong>Systemische Feedbackmechanismen<\/strong>, die den&nbsp;<strong>Projektfortschritt<\/strong>&nbsp;f\u00fcr die Beteiligten visualisieren<\/li><li>und&nbsp;<strong>Organisationsaufstellungen<\/strong>, mit denen man die&nbsp;<strong>Beziehungen der Stakeholder<\/strong>&nbsp;untereinander und zum Projektziel sichtbar machen kann.<\/li><\/ul>\n\n\n\n<p>Alle drei Werkzeuge sollen anhand von Beispielen aus Deutschland und dem Ausland demonstriert werden und k\u00f6nnen anschlie\u00dfend mit Beispielen aus Eurer Erfahrung und euren <a href=\"https:\/\/abo-workshop.de\/content\/lessons-learned\/\">pers\u00f6nlichen Lessons Learned<\/a> ausprobiert werden.<\/p>\n\n\n\n<h2 class=\"wp-block-heading\">Werkzezeuge f\u00fcr das systemisch Arbeiten <\/h2>\n\n\n\n<p>Systemische Werkzeuge ist ein Oberbegriff f\u00fcr verschiedene Beratungswerkzeuge, Coachingwerkzeuge und Consulting Tools. Dieser Oberbegriff bezeichnet insbesondere Werkzeuge als systemisch, die f\u00fcr die Beratung von Gruppen und Systemen z. B. Paare, Familien, Teams, Organisationen geschaffen wurden. <\/p>\n\n\n\n<p>Im Mittelpunkt steht dabei insbesondere das jeweilige soziale System. Systemisches Coaching, systemisch Beratung und Consulting nutzt Erkenntnisse der Systemtheorie und des Konstruktivismus. Dar\u00fcber hinaus wird auch zur\u00fcckgegriffen auf Grundlagen der Kybernetik und Synergetik.<\/p>\n\n\n\n<p>Diese Grundlagen sind nicht nur der Reflexionsfokus f\u00fcr <a href=\"https:\/\/www.mto-consulting.de\/Coaching.htm\">systemisches Coaching<\/a>, sondern dienen auch dazu konkrete Vorgehensweisen f\u00fcr das System zu finden. Systemisches Arbeiten unterst\u00fctzt auch die <a href=\"https:\/\/abo-workshop.de\/content\/selbstfuehrung\/\">Selbstf\u00fchrung und das Self Leadership<\/a>.<\/p>\n","protected":false},"excerpt":{"rendered":"<p>Systemische Werkzeuge Umgang mit Widerstand bei Change Projekten ABO-Workshop am Sa 18.05.2019 von 14.00-18.00 Uhr Moderation Gerhard Brockschmidt\u00a0http:\/\/www.focus-on-synergy.de\/Ort: focus-on-synergy, bei Gerhard Brockschmidt, Hainweg 10, 64297 Darmstadt Systemische Werkzeuge Umgang mit Widerstand bei Change Projekten In der OE tauchen immer wieder Heilsversprechen oder \u201eZauberkn\u00f6pfe\u201c auf, die man&nbsp;einfach nur dr\u00fccken&nbsp;muss, damit das Change Projekt schnell und kosteng\u00fcnstig&hellip;&nbsp;<a href=\"https:\/\/abo-workshop.de\/content\/systemische-werkzeuge\/\" rel=\"bookmark\">Weiterlesen &raquo;<span class=\"screen-reader-text\">Systemische Werkzeuge<\/span><\/a><\/p>\n","protected":false},"author":1,"featured_media":347,"parent":0,"menu_order":0,"comment_status":"closed","ping_status":"closed","template":"","meta":{"neve_meta_sidebar":"","neve_meta_container":"","neve_meta_enable_content_width":"","neve_meta_content_width":0,"neve_meta_title_alignment":"","neve_meta_author_avatar":"","neve_post_elements_order":"","neve_meta_disable_header":"","neve_meta_disable_footer":"","neve_meta_disable_title":"","footnotes":""},"class_list":["post-171","page","type-page","status-publish","has-post-thumbnail","hentry"],"yoast_head":"<!-- This site is optimized with the Yoast SEO plugin v27.5 - https:\/\/yoast.com\/product\/yoast-seo-wordpress\/ -->\n<title>Systemische Werkzeuge - ABO Workshop Wirtschaftspsychologie Seminare + Coaching<\/title>\n<meta name=\"description\" content=\"Systemische Werkzeuge \ud83d\udd34 Umgang mit Widerstand bei Change Projekten Beratung, Coaching, Consulting Feedback f\u00fcr Systemische Werkzeuge\" \/>\n<meta name=\"robots\" content=\"index, follow, max-snippet:-1, max-image-preview:large, max-video-preview:-1\" \/>\n<link rel=\"canonical\" href=\"https:\/\/abo-workshop.de\/content\/systemische-werkzeuge\/\" \/>\n<meta property=\"og:locale\" content=\"de_DE\" \/>\n<meta property=\"og:type\" content=\"article\" \/>\n<meta property=\"og:title\" content=\"Systemische Werkzeuge - ABO Workshop Wirtschaftspsychologie Seminare + Coaching\" \/>\n<meta property=\"og:description\" content=\"Systemische Werkzeuge \ud83d\udd34 Umgang mit Widerstand bei Change Projekten Beratung, Coaching, Consulting Feedback f\u00fcr Systemische Werkzeuge\" \/>\n<meta property=\"og:url\" content=\"https:\/\/abo-workshop.de\/content\/systemische-werkzeuge\/\" \/>\n<meta property=\"og:site_name\" content=\"ABO Workshop Wirtschaftspsychologie Seminare + Coaching\" \/>\n<meta property=\"article:modified_time\" content=\"2025-01-14T09:47:35+00:00\" \/>\n<meta property=\"og:image\" content=\"https:\/\/abo-workshop.de\/content\/wp-content\/uploads\/2025\/01\/systemische-Werkzeuge-umgang-mit-widerstand.gif\" \/>\n\t<meta property=\"og:image:width\" content=\"600\" \/>\n\t<meta property=\"og:image:height\" content=\"280\" \/>\n\t<meta property=\"og:image:type\" content=\"image\/gif\" \/>\n<meta name=\"twitter:card\" content=\"summary_large_image\" \/>\n<meta name=\"twitter:label1\" content=\"Gesch\u00e4tzte Lesezeit\" \/>\n\t<meta name=\"twitter:data1\" content=\"3\u00a0Minuten\" \/>\n<script type=\"application\/ld+json\" class=\"yoast-schema-graph\">{\"@context\":\"https:\\\/\\\/schema.org\",\"@graph\":[{\"@type\":\"WebPage\",\"@id\":\"https:\\\/\\\/abo-workshop.de\\\/content\\\/systemische-werkzeuge\\\/\",\"url\":\"https:\\\/\\\/abo-workshop.de\\\/content\\\/systemische-werkzeuge\\\/\",\"name\":\"Systemische Werkzeuge - ABO Workshop Wirtschaftspsychologie Seminare + Coaching\",\"isPartOf\":{\"@id\":\"https:\\\/\\\/abo-workshop.de\\\/content\\\/#website\"},\"primaryImageOfPage\":{\"@id\":\"https:\\\/\\\/abo-workshop.de\\\/content\\\/systemische-werkzeuge\\\/#primaryimage\"},\"image\":{\"@id\":\"https:\\\/\\\/abo-workshop.de\\\/content\\\/systemische-werkzeuge\\\/#primaryimage\"},\"thumbnailUrl\":\"https:\\\/\\\/abo-workshop.de\\\/content\\\/wp-content\\\/uploads\\\/2025\\\/01\\\/systemische-Werkzeuge-umgang-mit-widerstand.gif\",\"datePublished\":\"2021-01-04T17:15:41+00:00\",\"dateModified\":\"2025-01-14T09:47:35+00:00\",\"description\":\"Systemische Werkzeuge \ud83d\udd34 Umgang mit Widerstand bei Change Projekten Beratung, Coaching, Consulting Feedback f\u00fcr Systemische Werkzeuge\",\"breadcrumb\":{\"@id\":\"https:\\\/\\\/abo-workshop.de\\\/content\\\/systemische-werkzeuge\\\/#breadcrumb\"},\"inLanguage\":\"de\",\"potentialAction\":[{\"@type\":\"ReadAction\",\"target\":[\"https:\\\/\\\/abo-workshop.de\\\/content\\\/systemische-werkzeuge\\\/\"]}]},{\"@type\":\"ImageObject\",\"inLanguage\":\"de\",\"@id\":\"https:\\\/\\\/abo-workshop.de\\\/content\\\/systemische-werkzeuge\\\/#primaryimage\",\"url\":\"https:\\\/\\\/abo-workshop.de\\\/content\\\/wp-content\\\/uploads\\\/2025\\\/01\\\/systemische-Werkzeuge-umgang-mit-widerstand.gif\",\"contentUrl\":\"https:\\\/\\\/abo-workshop.de\\\/content\\\/wp-content\\\/uploads\\\/2025\\\/01\\\/systemische-Werkzeuge-umgang-mit-widerstand.gif\",\"width\":600,\"height\":280,\"caption\":\"Systemische Werkzeuge Umgang mit Widerstand ABO Workshop Rhein-Main Dipl.-Psych. J\u00fcrgen Junker Wirtschaftspsychologie Coaching und Psychologie f\u00fcr Human Resources\"},{\"@type\":\"BreadcrumbList\",\"@id\":\"https:\\\/\\\/abo-workshop.de\\\/content\\\/systemische-werkzeuge\\\/#breadcrumb\",\"itemListElement\":[{\"@type\":\"ListItem\",\"position\":1,\"name\":\"Startseite\",\"item\":\"https:\\\/\\\/abo-workshop.de\\\/content\\\/\"},{\"@type\":\"ListItem\",\"position\":2,\"name\":\"Systemische Werkzeuge\"}]},{\"@type\":\"WebSite\",\"@id\":\"https:\\\/\\\/abo-workshop.de\\\/content\\\/#website\",\"url\":\"https:\\\/\\\/abo-workshop.de\\\/content\\\/\",\"name\":\"ABO Workshop Wirtschaftspsychologie Seminare + Coaching\",\"description\":\"ABO-Workshop kollegiale Treffen zur Wirtschaftspsychologie Frankfurt + Rhein-Main\",\"publisher\":{\"@id\":\"https:\\\/\\\/abo-workshop.de\\\/content\\\/#organization\"},\"potentialAction\":[{\"@type\":\"SearchAction\",\"target\":{\"@type\":\"EntryPoint\",\"urlTemplate\":\"https:\\\/\\\/abo-workshop.de\\\/content\\\/?s={search_term_string}\"},\"query-input\":{\"@type\":\"PropertyValueSpecification\",\"valueRequired\":true,\"valueName\":\"search_term_string\"}}],\"inLanguage\":\"de\"},{\"@type\":\"Organization\",\"@id\":\"https:\\\/\\\/abo-workshop.de\\\/content\\\/#organization\",\"name\":\"ABO Workshop Wirtschaftspsychologie Seminare + Coaching\",\"url\":\"https:\\\/\\\/abo-workshop.de\\\/content\\\/\",\"logo\":{\"@type\":\"ImageObject\",\"inLanguage\":\"de\",\"@id\":\"https:\\\/\\\/abo-workshop.de\\\/content\\\/#\\\/schema\\\/logo\\\/image\\\/\",\"url\":\"https:\\\/\\\/abo-workshop.de\\\/content\\\/wp-content\\\/uploads\\\/2020\\\/12\\\/cropped-Logo-ABO-Workshop-Rhein-Main-1.gif\",\"contentUrl\":\"https:\\\/\\\/abo-workshop.de\\\/content\\\/wp-content\\\/uploads\\\/2020\\\/12\\\/cropped-Logo-ABO-Workshop-Rhein-Main-1.gif\",\"width\":348,\"height\":326,\"caption\":\"ABO Workshop Wirtschaftspsychologie Seminare + Coaching\"},\"image\":{\"@id\":\"https:\\\/\\\/abo-workshop.de\\\/content\\\/#\\\/schema\\\/logo\\\/image\\\/\"}}]}<\/script>\n<!-- \/ Yoast SEO plugin. -->","yoast_head_json":{"title":"Systemische Werkzeuge - ABO Workshop Wirtschaftspsychologie Seminare + Coaching","description":"Systemische Werkzeuge \ud83d\udd34 Umgang mit Widerstand bei Change Projekten Beratung, Coaching, Consulting Feedback f\u00fcr Systemische Werkzeuge","robots":{"index":"index","follow":"follow","max-snippet":"max-snippet:-1","max-image-preview":"max-image-preview:large","max-video-preview":"max-video-preview:-1"},"canonical":"https:\/\/abo-workshop.de\/content\/systemische-werkzeuge\/","og_locale":"de_DE","og_type":"article","og_title":"Systemische Werkzeuge - ABO Workshop Wirtschaftspsychologie Seminare + Coaching","og_description":"Systemische Werkzeuge \ud83d\udd34 Umgang mit Widerstand bei Change Projekten Beratung, Coaching, Consulting Feedback f\u00fcr Systemische Werkzeuge","og_url":"https:\/\/abo-workshop.de\/content\/systemische-werkzeuge\/","og_site_name":"ABO Workshop Wirtschaftspsychologie Seminare + Coaching","article_modified_time":"2025-01-14T09:47:35+00:00","og_image":[{"width":600,"height":280,"url":"https:\/\/abo-workshop.de\/content\/wp-content\/uploads\/2025\/01\/systemische-Werkzeuge-umgang-mit-widerstand.gif","type":"image\/gif"}],"twitter_card":"summary_large_image","twitter_misc":{"Gesch\u00e4tzte Lesezeit":"3\u00a0Minuten"},"schema":{"@context":"https:\/\/schema.org","@graph":[{"@type":"WebPage","@id":"https:\/\/abo-workshop.de\/content\/systemische-werkzeuge\/","url":"https:\/\/abo-workshop.de\/content\/systemische-werkzeuge\/","name":"Systemische Werkzeuge - ABO Workshop Wirtschaftspsychologie Seminare + Coaching","isPartOf":{"@id":"https:\/\/abo-workshop.de\/content\/#website"},"primaryImageOfPage":{"@id":"https:\/\/abo-workshop.de\/content\/systemische-werkzeuge\/#primaryimage"},"image":{"@id":"https:\/\/abo-workshop.de\/content\/systemische-werkzeuge\/#primaryimage"},"thumbnailUrl":"https:\/\/abo-workshop.de\/content\/wp-content\/uploads\/2025\/01\/systemische-Werkzeuge-umgang-mit-widerstand.gif","datePublished":"2021-01-04T17:15:41+00:00","dateModified":"2025-01-14T09:47:35+00:00","description":"Systemische Werkzeuge \ud83d\udd34 Umgang mit Widerstand bei Change Projekten Beratung, Coaching, Consulting Feedback f\u00fcr Systemische Werkzeuge","breadcrumb":{"@id":"https:\/\/abo-workshop.de\/content\/systemische-werkzeuge\/#breadcrumb"},"inLanguage":"de","potentialAction":[{"@type":"ReadAction","target":["https:\/\/abo-workshop.de\/content\/systemische-werkzeuge\/"]}]},{"@type":"ImageObject","inLanguage":"de","@id":"https:\/\/abo-workshop.de\/content\/systemische-werkzeuge\/#primaryimage","url":"https:\/\/abo-workshop.de\/content\/wp-content\/uploads\/2025\/01\/systemische-Werkzeuge-umgang-mit-widerstand.gif","contentUrl":"https:\/\/abo-workshop.de\/content\/wp-content\/uploads\/2025\/01\/systemische-Werkzeuge-umgang-mit-widerstand.gif","width":600,"height":280,"caption":"Systemische Werkzeuge Umgang mit Widerstand ABO Workshop Rhein-Main Dipl.-Psych. J\u00fcrgen Junker Wirtschaftspsychologie Coaching und Psychologie f\u00fcr Human Resources"},{"@type":"BreadcrumbList","@id":"https:\/\/abo-workshop.de\/content\/systemische-werkzeuge\/#breadcrumb","itemListElement":[{"@type":"ListItem","position":1,"name":"Startseite","item":"https:\/\/abo-workshop.de\/content\/"},{"@type":"ListItem","position":2,"name":"Systemische Werkzeuge"}]},{"@type":"WebSite","@id":"https:\/\/abo-workshop.de\/content\/#website","url":"https:\/\/abo-workshop.de\/content\/","name":"ABO Workshop Wirtschaftspsychologie Seminare + Coaching","description":"ABO-Workshop kollegiale Treffen zur Wirtschaftspsychologie Frankfurt + Rhein-Main","publisher":{"@id":"https:\/\/abo-workshop.de\/content\/#organization"},"potentialAction":[{"@type":"SearchAction","target":{"@type":"EntryPoint","urlTemplate":"https:\/\/abo-workshop.de\/content\/?s={search_term_string}"},"query-input":{"@type":"PropertyValueSpecification","valueRequired":true,"valueName":"search_term_string"}}],"inLanguage":"de"},{"@type":"Organization","@id":"https:\/\/abo-workshop.de\/content\/#organization","name":"ABO Workshop Wirtschaftspsychologie Seminare + Coaching","url":"https:\/\/abo-workshop.de\/content\/","logo":{"@type":"ImageObject","inLanguage":"de","@id":"https:\/\/abo-workshop.de\/content\/#\/schema\/logo\/image\/","url":"https:\/\/abo-workshop.de\/content\/wp-content\/uploads\/2020\/12\/cropped-Logo-ABO-Workshop-Rhein-Main-1.gif","contentUrl":"https:\/\/abo-workshop.de\/content\/wp-content\/uploads\/2020\/12\/cropped-Logo-ABO-Workshop-Rhein-Main-1.gif","width":348,"height":326,"caption":"ABO Workshop Wirtschaftspsychologie Seminare + Coaching"},"image":{"@id":"https:\/\/abo-workshop.de\/content\/#\/schema\/logo\/image\/"}}]}},"_links":{"self":[{"href":"https:\/\/abo-workshop.de\/content\/wp-json\/wp\/v2\/pages\/171","targetHints":{"allow":["GET"]}}],"collection":[{"href":"https:\/\/abo-workshop.de\/content\/wp-json\/wp\/v2\/pages"}],"about":[{"href":"https:\/\/abo-workshop.de\/content\/wp-json\/wp\/v2\/types\/page"}],"author":[{"embeddable":true,"href":"https:\/\/abo-workshop.de\/content\/wp-json\/wp\/v2\/users\/1"}],"replies":[{"embeddable":true,"href":"https:\/\/abo-workshop.de\/content\/wp-json\/wp\/v2\/comments?post=171"}],"version-history":[{"count":3,"href":"https:\/\/abo-workshop.de\/content\/wp-json\/wp\/v2\/pages\/171\/revisions"}],"predecessor-version":[{"id":177,"href":"https:\/\/abo-workshop.de\/content\/wp-json\/wp\/v2\/pages\/171\/revisions\/177"}],"wp:featuredmedia":[{"embeddable":true,"href":"https:\/\/abo-workshop.de\/content\/wp-json\/wp\/v2\/media\/347"}],"wp:attachment":[{"href":"https:\/\/abo-workshop.de\/content\/wp-json\/wp\/v2\/media?parent=171"}],"curies":[{"name":"wp","href":"https:\/\/api.w.org\/{rel}","templated":true}]}}