{"id":322,"date":"2024-12-19T13:37:13","date_gmt":"2024-12-19T12:37:13","guid":{"rendered":"https:\/\/abo-workshop.de\/content\/?page_id=322"},"modified":"2024-12-19T13:37:15","modified_gmt":"2024-12-19T12:37:15","slug":"creating-impact-for-a-sustainable-future","status":"publish","type":"page","link":"https:\/\/abo-workshop.de\/content\/creating-impact-for-a-sustainable-future\/","title":{"rendered":"creating impact for a sustainable future"},"content":{"rendered":"\n<figure class=\"wp-block-image size-full\"><img loading=\"lazy\" decoding=\"async\" width=\"600\" height=\"280\" src=\"https:\/\/abo-workshop.de\/content\/wp-content\/uploads\/2024\/12\/creating-impact-for-a-sustainable-future-abo-wokshop.jpg\" alt=\"creating impact for a sustainable future Nachhaltigkeit im Change Management ABO-Workshop Rhein-Main Arbeitspsychologie Betriebspsychologie Organisationspsychologie Wirtschaftspsychologie\" class=\"wp-image-323\" srcset=\"https:\/\/abo-workshop.de\/content\/wp-content\/uploads\/2024\/12\/creating-impact-for-a-sustainable-future-abo-wokshop.jpg 600w, https:\/\/abo-workshop.de\/content\/wp-content\/uploads\/2024\/12\/creating-impact-for-a-sustainable-future-abo-wokshop-300x140.jpg 300w\" sizes=\"auto, (max-width: 600px) 100vw, 600px\" \/><\/figure>\n\n\n\n<p>Sa 15.10.2022 von 14.00-17.00 Uhr<\/p>\n\n\n\n<h2 class=\"wp-block-heading\"><strong>creating impact for a sustainable future<\/strong><\/h2>\n\n\n\n<p>Moderation: Dipl.-Psych. J\u00fcrgen Junker<br>Ort: MTO-Consulting, Goethestr.27, D-63739 Aschaffenburg<\/p>\n\n\n\n<p><strong>Nachhaltigkeit<\/strong><\/p>\n\n\n\n<p>Nachhaltigkeit ist eines der wichtigsten Themen f\u00fcr die kommenden Jahre,<br>daher schlage ich vor bei unserem n\u00e4chsten Treffen auszuloten inwieweit das Thema Nachhaltigkeit<br>f\u00fcr unsere kommenden Treffen 2022 und 2023 als \u00fcbergeordnetes Motto \/ Rahmen geeignet sein k\u00f6nnte.<\/p>\n\n\n\n<p>Ich w\u00fcrde mich freuen, wenn viele von Euch k\u00f6nnen und auch Lust haben etwas beizutragen.<br>Willkommen sind alle m\u00f6glichen Formen von Inputs und Impulsen, Vorschl\u00e4ge f\u00fcr kommende Workshops,<br>f\u00fcr Formen des Treffens oder auch f\u00fcr spezifische Aspekte und Umsetzungen\u2026<\/p>\n\n\n\n<p><strong>creating impact for a sustainable future<\/strong><\/p>\n\n\n\n<ul class=\"wp-block-list\">\n<li>sustainable life \u2013 nachhaltiges Leben &#8211; Lebensqualit\u00e4t<\/li>\n\n\n\n<li>sustainable relations \u2013 nachhaltige Beziehungen<\/li>\n\n\n\n<li>sustainable communication \u2013 nachhaltige Kommunikation<\/li>\n\n\n\n<li>sustainable work \u2013 nachhaltige Arbeit<\/li>\n\n\n\n<li>sustainable leadership \u2013 nachhaltige F\u00fchrung<\/li>\n\n\n\n<li>sustainable HR \u2013 nachhaltige Personalarbeit<\/li>\n\n\n\n<li>sustainable coaching \/ sustainable psychology<\/li>\n<\/ul>\n\n\n\n<p>Ich bin gespannt auf einen interessanten Workshop und Treffen und freue mich darauf Euch bald wiederzusehen.<\/p>\n\n\n\n<p><\/p>\n","protected":false},"excerpt":{"rendered":"<p>Sa 15.10.2022 von 14.00-17.00 Uhr creating impact for a sustainable future Moderation: Dipl.-Psych. J\u00fcrgen JunkerOrt: MTO-Consulting, Goethestr.27, D-63739 Aschaffenburg Nachhaltigkeit Nachhaltigkeit ist eines der wichtigsten Themen f\u00fcr die kommenden Jahre,daher schlage ich vor bei unserem n\u00e4chsten Treffen auszuloten inwieweit das Thema Nachhaltigkeitf\u00fcr unsere kommenden Treffen 2022 und 2023 als \u00fcbergeordnetes Motto \/ Rahmen geeignet sein&hellip;&nbsp;<a href=\"https:\/\/abo-workshop.de\/content\/creating-impact-for-a-sustainable-future\/\" rel=\"bookmark\">Weiterlesen &raquo;<span class=\"screen-reader-text\">creating impact for a sustainable future<\/span><\/a><\/p>\n","protected":false},"author":1,"featured_media":323,"parent":0,"menu_order":0,"comment_status":"closed","ping_status":"closed","template":"","meta":{"neve_meta_sidebar":"","neve_meta_container":"","neve_meta_enable_content_width":"","neve_meta_content_width":0,"neve_meta_title_alignment":"","neve_meta_author_avatar":"","neve_post_elements_order":"","neve_meta_disable_header":"","neve_meta_disable_footer":"","neve_meta_disable_title":"","footnotes":""},"class_list":["post-322","page","type-page","status-publish","has-post-thumbnail","hentry"],"yoast_head":"<!-- This site is optimized with the Yoast SEO plugin v27.3 - https:\/\/yoast.com\/product\/yoast-seo-wordpress\/ -->\n<title>creating impact for a sustainable future - ABO Workshop Wirtschaftspsychologie Seminare + Coaching<\/title>\n<meta name=\"description\" content=\"creating impact for a sustainable future Nachhaltigkeit ist eines der wichtigsten Themen f\u00fcr die kommenden Jahre\" \/>\n<meta name=\"robots\" content=\"index, follow, max-snippet:-1, max-image-preview:large, max-video-preview:-1\" \/>\n<link rel=\"canonical\" href=\"https:\/\/abo-workshop.de\/content\/creating-impact-for-a-sustainable-future\/\" \/>\n<meta property=\"og:locale\" content=\"de_DE\" \/>\n<meta property=\"og:type\" content=\"article\" \/>\n<meta property=\"og:title\" content=\"creating impact for a sustainable future - ABO Workshop Wirtschaftspsychologie Seminare + Coaching\" \/>\n<meta property=\"og:description\" content=\"creating impact for a sustainable future Nachhaltigkeit ist eines der wichtigsten Themen f\u00fcr die kommenden Jahre\" \/>\n<meta property=\"og:url\" content=\"https:\/\/abo-workshop.de\/content\/creating-impact-for-a-sustainable-future\/\" \/>\n<meta property=\"og:site_name\" content=\"ABO Workshop Wirtschaftspsychologie Seminare + Coaching\" \/>\n<meta property=\"article:modified_time\" content=\"2024-12-19T12:37:15+00:00\" \/>\n<meta property=\"og:image\" content=\"https:\/\/abo-workshop.de\/content\/wp-content\/uploads\/2024\/12\/creating-impact-for-a-sustainable-future-abo-wokshop.jpg\" \/>\n\t<meta property=\"og:image:width\" content=\"600\" \/>\n\t<meta property=\"og:image:height\" content=\"280\" \/>\n\t<meta property=\"og:image:type\" content=\"image\/jpeg\" \/>\n<meta name=\"twitter:card\" content=\"summary_large_image\" \/>\n<meta name=\"twitter:label1\" content=\"Gesch\u00e4tzte Lesezeit\" \/>\n\t<meta name=\"twitter:data1\" content=\"2\u00a0Minuten\" \/>\n<script type=\"application\/ld+json\" class=\"yoast-schema-graph\">{\"@context\":\"https:\\\/\\\/schema.org\",\"@graph\":[{\"@type\":\"WebPage\",\"@id\":\"https:\\\/\\\/abo-workshop.de\\\/content\\\/creating-impact-for-a-sustainable-future\\\/\",\"url\":\"https:\\\/\\\/abo-workshop.de\\\/content\\\/creating-impact-for-a-sustainable-future\\\/\",\"name\":\"creating impact for a sustainable future - ABO Workshop Wirtschaftspsychologie Seminare + Coaching\",\"isPartOf\":{\"@id\":\"https:\\\/\\\/abo-workshop.de\\\/content\\\/#website\"},\"primaryImageOfPage\":{\"@id\":\"https:\\\/\\\/abo-workshop.de\\\/content\\\/creating-impact-for-a-sustainable-future\\\/#primaryimage\"},\"image\":{\"@id\":\"https:\\\/\\\/abo-workshop.de\\\/content\\\/creating-impact-for-a-sustainable-future\\\/#primaryimage\"},\"thumbnailUrl\":\"https:\\\/\\\/abo-workshop.de\\\/content\\\/wp-content\\\/uploads\\\/2024\\\/12\\\/creating-impact-for-a-sustainable-future-abo-wokshop.jpg\",\"datePublished\":\"2024-12-19T12:37:13+00:00\",\"dateModified\":\"2024-12-19T12:37:15+00:00\",\"description\":\"creating impact for a sustainable future Nachhaltigkeit ist eines der wichtigsten Themen f\u00fcr die kommenden Jahre\",\"breadcrumb\":{\"@id\":\"https:\\\/\\\/abo-workshop.de\\\/content\\\/creating-impact-for-a-sustainable-future\\\/#breadcrumb\"},\"inLanguage\":\"de\",\"potentialAction\":[{\"@type\":\"ReadAction\",\"target\":[\"https:\\\/\\\/abo-workshop.de\\\/content\\\/creating-impact-for-a-sustainable-future\\\/\"]}]},{\"@type\":\"ImageObject\",\"inLanguage\":\"de\",\"@id\":\"https:\\\/\\\/abo-workshop.de\\\/content\\\/creating-impact-for-a-sustainable-future\\\/#primaryimage\",\"url\":\"https:\\\/\\\/abo-workshop.de\\\/content\\\/wp-content\\\/uploads\\\/2024\\\/12\\\/creating-impact-for-a-sustainable-future-abo-wokshop.jpg\",\"contentUrl\":\"https:\\\/\\\/abo-workshop.de\\\/content\\\/wp-content\\\/uploads\\\/2024\\\/12\\\/creating-impact-for-a-sustainable-future-abo-wokshop.jpg\",\"width\":600,\"height\":280,\"caption\":\"creating impact for a sustainable future Nachhaltigkeit im Change Management ABO-Workshop Rhein-Main Arbeitspsychologie Betriebspsychologie Organisationspsychologie Wirtschaftspsychologie\"},{\"@type\":\"BreadcrumbList\",\"@id\":\"https:\\\/\\\/abo-workshop.de\\\/content\\\/creating-impact-for-a-sustainable-future\\\/#breadcrumb\",\"itemListElement\":[{\"@type\":\"ListItem\",\"position\":1,\"name\":\"Startseite\",\"item\":\"https:\\\/\\\/abo-workshop.de\\\/content\\\/\"},{\"@type\":\"ListItem\",\"position\":2,\"name\":\"creating impact for a sustainable future\"}]},{\"@type\":\"WebSite\",\"@id\":\"https:\\\/\\\/abo-workshop.de\\\/content\\\/#website\",\"url\":\"https:\\\/\\\/abo-workshop.de\\\/content\\\/\",\"name\":\"ABO Workshop Wirtschaftspsychologie Seminare + Coaching\",\"description\":\"ABO-Workshop kollegiale Treffen zur Wirtschaftspsychologie Frankfurt + Rhein-Main\",\"publisher\":{\"@id\":\"https:\\\/\\\/abo-workshop.de\\\/content\\\/#organization\"},\"potentialAction\":[{\"@type\":\"SearchAction\",\"target\":{\"@type\":\"EntryPoint\",\"urlTemplate\":\"https:\\\/\\\/abo-workshop.de\\\/content\\\/?s={search_term_string}\"},\"query-input\":{\"@type\":\"PropertyValueSpecification\",\"valueRequired\":true,\"valueName\":\"search_term_string\"}}],\"inLanguage\":\"de\"},{\"@type\":\"Organization\",\"@id\":\"https:\\\/\\\/abo-workshop.de\\\/content\\\/#organization\",\"name\":\"ABO Workshop Wirtschaftspsychologie Seminare + Coaching\",\"url\":\"https:\\\/\\\/abo-workshop.de\\\/content\\\/\",\"logo\":{\"@type\":\"ImageObject\",\"inLanguage\":\"de\",\"@id\":\"https:\\\/\\\/abo-workshop.de\\\/content\\\/#\\\/schema\\\/logo\\\/image\\\/\",\"url\":\"https:\\\/\\\/abo-workshop.de\\\/content\\\/wp-content\\\/uploads\\\/2020\\\/12\\\/cropped-Logo-ABO-Workshop-Rhein-Main-1.gif\",\"contentUrl\":\"https:\\\/\\\/abo-workshop.de\\\/content\\\/wp-content\\\/uploads\\\/2020\\\/12\\\/cropped-Logo-ABO-Workshop-Rhein-Main-1.gif\",\"width\":348,\"height\":326,\"caption\":\"ABO Workshop Wirtschaftspsychologie Seminare + Coaching\"},\"image\":{\"@id\":\"https:\\\/\\\/abo-workshop.de\\\/content\\\/#\\\/schema\\\/logo\\\/image\\\/\"}}]}<\/script>\n<!-- \/ Yoast SEO plugin. -->","yoast_head_json":{"title":"creating impact for a sustainable future - ABO Workshop Wirtschaftspsychologie Seminare + Coaching","description":"creating impact for a sustainable future Nachhaltigkeit ist eines der wichtigsten Themen f\u00fcr die kommenden Jahre","robots":{"index":"index","follow":"follow","max-snippet":"max-snippet:-1","max-image-preview":"max-image-preview:large","max-video-preview":"max-video-preview:-1"},"canonical":"https:\/\/abo-workshop.de\/content\/creating-impact-for-a-sustainable-future\/","og_locale":"de_DE","og_type":"article","og_title":"creating impact for a sustainable future - ABO Workshop Wirtschaftspsychologie Seminare + Coaching","og_description":"creating impact for a sustainable future Nachhaltigkeit ist eines der wichtigsten Themen f\u00fcr die kommenden Jahre","og_url":"https:\/\/abo-workshop.de\/content\/creating-impact-for-a-sustainable-future\/","og_site_name":"ABO Workshop Wirtschaftspsychologie Seminare + Coaching","article_modified_time":"2024-12-19T12:37:15+00:00","og_image":[{"width":600,"height":280,"url":"https:\/\/abo-workshop.de\/content\/wp-content\/uploads\/2024\/12\/creating-impact-for-a-sustainable-future-abo-wokshop.jpg","type":"image\/jpeg"}],"twitter_card":"summary_large_image","twitter_misc":{"Gesch\u00e4tzte Lesezeit":"2\u00a0Minuten"},"schema":{"@context":"https:\/\/schema.org","@graph":[{"@type":"WebPage","@id":"https:\/\/abo-workshop.de\/content\/creating-impact-for-a-sustainable-future\/","url":"https:\/\/abo-workshop.de\/content\/creating-impact-for-a-sustainable-future\/","name":"creating impact for a sustainable future - ABO Workshop Wirtschaftspsychologie Seminare + Coaching","isPartOf":{"@id":"https:\/\/abo-workshop.de\/content\/#website"},"primaryImageOfPage":{"@id":"https:\/\/abo-workshop.de\/content\/creating-impact-for-a-sustainable-future\/#primaryimage"},"image":{"@id":"https:\/\/abo-workshop.de\/content\/creating-impact-for-a-sustainable-future\/#primaryimage"},"thumbnailUrl":"https:\/\/abo-workshop.de\/content\/wp-content\/uploads\/2024\/12\/creating-impact-for-a-sustainable-future-abo-wokshop.jpg","datePublished":"2024-12-19T12:37:13+00:00","dateModified":"2024-12-19T12:37:15+00:00","description":"creating impact for a sustainable future Nachhaltigkeit ist eines der wichtigsten Themen f\u00fcr die kommenden Jahre","breadcrumb":{"@id":"https:\/\/abo-workshop.de\/content\/creating-impact-for-a-sustainable-future\/#breadcrumb"},"inLanguage":"de","potentialAction":[{"@type":"ReadAction","target":["https:\/\/abo-workshop.de\/content\/creating-impact-for-a-sustainable-future\/"]}]},{"@type":"ImageObject","inLanguage":"de","@id":"https:\/\/abo-workshop.de\/content\/creating-impact-for-a-sustainable-future\/#primaryimage","url":"https:\/\/abo-workshop.de\/content\/wp-content\/uploads\/2024\/12\/creating-impact-for-a-sustainable-future-abo-wokshop.jpg","contentUrl":"https:\/\/abo-workshop.de\/content\/wp-content\/uploads\/2024\/12\/creating-impact-for-a-sustainable-future-abo-wokshop.jpg","width":600,"height":280,"caption":"creating impact for a sustainable future Nachhaltigkeit im Change Management ABO-Workshop Rhein-Main Arbeitspsychologie Betriebspsychologie Organisationspsychologie Wirtschaftspsychologie"},{"@type":"BreadcrumbList","@id":"https:\/\/abo-workshop.de\/content\/creating-impact-for-a-sustainable-future\/#breadcrumb","itemListElement":[{"@type":"ListItem","position":1,"name":"Startseite","item":"https:\/\/abo-workshop.de\/content\/"},{"@type":"ListItem","position":2,"name":"creating impact for a sustainable future"}]},{"@type":"WebSite","@id":"https:\/\/abo-workshop.de\/content\/#website","url":"https:\/\/abo-workshop.de\/content\/","name":"ABO Workshop Wirtschaftspsychologie Seminare + Coaching","description":"ABO-Workshop kollegiale Treffen zur Wirtschaftspsychologie Frankfurt + Rhein-Main","publisher":{"@id":"https:\/\/abo-workshop.de\/content\/#organization"},"potentialAction":[{"@type":"SearchAction","target":{"@type":"EntryPoint","urlTemplate":"https:\/\/abo-workshop.de\/content\/?s={search_term_string}"},"query-input":{"@type":"PropertyValueSpecification","valueRequired":true,"valueName":"search_term_string"}}],"inLanguage":"de"},{"@type":"Organization","@id":"https:\/\/abo-workshop.de\/content\/#organization","name":"ABO Workshop Wirtschaftspsychologie Seminare + Coaching","url":"https:\/\/abo-workshop.de\/content\/","logo":{"@type":"ImageObject","inLanguage":"de","@id":"https:\/\/abo-workshop.de\/content\/#\/schema\/logo\/image\/","url":"https:\/\/abo-workshop.de\/content\/wp-content\/uploads\/2020\/12\/cropped-Logo-ABO-Workshop-Rhein-Main-1.gif","contentUrl":"https:\/\/abo-workshop.de\/content\/wp-content\/uploads\/2020\/12\/cropped-Logo-ABO-Workshop-Rhein-Main-1.gif","width":348,"height":326,"caption":"ABO Workshop Wirtschaftspsychologie Seminare + Coaching"},"image":{"@id":"https:\/\/abo-workshop.de\/content\/#\/schema\/logo\/image\/"}}]}},"_links":{"self":[{"href":"https:\/\/abo-workshop.de\/content\/wp-json\/wp\/v2\/pages\/322","targetHints":{"allow":["GET"]}}],"collection":[{"href":"https:\/\/abo-workshop.de\/content\/wp-json\/wp\/v2\/pages"}],"about":[{"href":"https:\/\/abo-workshop.de\/content\/wp-json\/wp\/v2\/types\/page"}],"author":[{"embeddable":true,"href":"https:\/\/abo-workshop.de\/content\/wp-json\/wp\/v2\/users\/1"}],"replies":[{"embeddable":true,"href":"https:\/\/abo-workshop.de\/content\/wp-json\/wp\/v2\/comments?post=322"}],"version-history":[{"count":1,"href":"https:\/\/abo-workshop.de\/content\/wp-json\/wp\/v2\/pages\/322\/revisions"}],"predecessor-version":[{"id":324,"href":"https:\/\/abo-workshop.de\/content\/wp-json\/wp\/v2\/pages\/322\/revisions\/324"}],"wp:featuredmedia":[{"embeddable":true,"href":"https:\/\/abo-workshop.de\/content\/wp-json\/wp\/v2\/media\/323"}],"wp:attachment":[{"href":"https:\/\/abo-workshop.de\/content\/wp-json\/wp\/v2\/media?parent=322"}],"curies":[{"name":"wp","href":"https:\/\/api.w.org\/{rel}","templated":true}]}}