{"id":473,"date":"2025-05-27T16:12:09","date_gmt":"2025-05-27T14:12:09","guid":{"rendered":"https:\/\/abo-workshop.de\/content\/?page_id=473"},"modified":"2025-09-24T18:16:19","modified_gmt":"2025-09-24T16:16:19","slug":"mindcamp-stabil-zum-ziel-selbsthilfe-und-unterstuetzung-im-beruflichen-alltag","status":"publish","type":"page","link":"https:\/\/abo-workshop.de\/content\/mindcamp-stabil-zum-ziel-selbsthilfe-und-unterstuetzung-im-beruflichen-alltag\/","title":{"rendered":"MINDCAMP stabil zum Ziel &#8211; Selbsthilfe und Unterst\u00fctzung im beruflichen Alltag"},"content":{"rendered":"\n<p><strong>DIE REISE 3: Selbsthilfe und Unterst\u00fctzung f\u00fcr die eigene <a href=\"https:\/\/abo-workshop.de\/content\/heldenreise-die-heldinnenreise-outdoor-analogie\/\">Heldenreise<\/a> mit dem MINDCAMP<\/strong><br>\u201eMINDCAMP: Stabil zum Ziel\u201c \u2013 f\u00fcr <strong>mehr mentale Power<\/strong> und einen <strong>gesunden Umgang mit Stress<\/strong>! Ein 3-t\u00e4giges Training f\u00fcr Auszubildende mit Selbsteinsch\u00e4tzungstest und Stabilisierungskonzept. Vorgestellt von Harald M\u00fcller. \u201eInzwischen haben wir mehrere hundert Auszubildende damit trainiert und interessante Ergebnisse und sehr positive R\u00fcckmeldungen erhalten. Herzliche Gr\u00fc\u00dfe von Harald.<\/p>\n\n\n\n<figure class=\"wp-block-image size-full\"><img loading=\"lazy\" decoding=\"async\" width=\"1000\" height=\"523\" src=\"https:\/\/abo-workshop.de\/content\/wp-content\/uploads\/2025\/05\/Mindcamp-Wirtschaftspsychologie-Rhein-Main-ABO-Workshop-07-2025-stabil-zum-ziel-selbsthilfe.jpg\" alt=\"Mindcamp ABO-Workshop Wirtschaftspsychologie Rhein-Main - stabil zum Ziel Selbsthilfe und Unterst\u00fctzung Dipl.-Psych. Harald M\u00fcller ABO-Workshop Dipl.-Psych. J\u00fcrgen Junker\" class=\"wp-image-476\" srcset=\"https:\/\/abo-workshop.de\/content\/wp-content\/uploads\/2025\/05\/Mindcamp-Wirtschaftspsychologie-Rhein-Main-ABO-Workshop-07-2025-stabil-zum-ziel-selbsthilfe.jpg 1000w, https:\/\/abo-workshop.de\/content\/wp-content\/uploads\/2025\/05\/Mindcamp-Wirtschaftspsychologie-Rhein-Main-ABO-Workshop-07-2025-stabil-zum-ziel-selbsthilfe-300x157.jpg 300w, https:\/\/abo-workshop.de\/content\/wp-content\/uploads\/2025\/05\/Mindcamp-Wirtschaftspsychologie-Rhein-Main-ABO-Workshop-07-2025-stabil-zum-ziel-selbsthilfe-768x402.jpg 768w\" sizes=\"auto, (max-width: 1000px) 100vw, 1000px\" \/><\/figure>\n\n\n\n<h2 class=\"wp-block-heading\">MINDCAMP Selbsthilfe + Unterst\u00fctzung im Job<\/h2>\n\n\n\n<p><strong>DIE REISE 3: Selbsthilfe und Unterst\u00fctzung im beruflichen Alltag mit dem MINDCAMP<\/strong>: \u201e<strong>Stabil zum Ziel<\/strong>\u201c \u2013 f\u00fcr mehr mentale Power und einen gesunden Umgang mit Stress! Ein 3-t\u00e4giges Training f\u00fcr Auszubildende mit Selbsteinsch\u00e4tzungstest und Stabilisierungskonzept.\u2026..<\/p>\n\n\n\n<p><strong><strong>ABO-Workshop Rhein Main:<\/strong>&nbsp;<\/strong><br><strong>Termin:<\/strong>&nbsp;Sa 25.10.2025 von 14.00-17.00 Uhr<br><strong>Moderation des Treffens:<\/strong>&nbsp;Dipl.-Psych. Harald M\u00fcller <br><strong>Ort:<\/strong>&nbsp;Obernburg &#8211; <strong><a href=\"https:\/\/inrepo.de\/\">INREPO<\/a> Institut f\u00fcr Resilienz und Potenzialentfaltung, <\/strong>Eisenbacher Stra\u00dfe 1, 63785 Obernburg am Main<br><strong>Anfahrt:<\/strong>&nbsp;s.o.<br><strong>Abschluss<\/strong>: Ich reserviere uns gerne danach einen Tisch im Landgasthaus R\u00f6merhof um 17.30 Uhr zum Austausch und leiblichen Wohl.<br>Herzliche Gr\u00fc\u00dfe Dipl.-Psych. Harald M\u00fcller<\/p>\n\n\n\n<h2 class=\"wp-block-heading\"><strong>Selbsthilfe und Unterst\u00fctzung im beruflichen Alltag mit dem MINDCAMP<\/strong>: \u201e<strong>Stabil zum Ziel<\/strong>\u201c \u2013 f\u00fcr mehr mentale Power und einen gesunden Umgang mit Stress!<\/h2>\n\n\n\n<p>DIE REISE 3: Selbsthilfe und Unterst\u00fctzung im beruflichen Alltag mit dem MINDCAMP: \u201eStabil zum Ziel\u201c \u2013 f\u00fcr mehr mentale Power und einen gesunden Umgang mit Stress! Ein 3-t\u00e4giges Training f\u00fcr Auszubildende mit Selbsteinsch\u00e4tzungstest und Stabilisierungskonzept.<\/p>\n\n\n\n<p>Gerne stelle ich euch das Konzept vor und wir machen selbst <strong>2-3 \u00dcbungen<\/strong> aus dem <strong>Ressourcen-Aktivierungs-Training<\/strong> basierend auf den <strong>7 S\u00e4ulen der Resilienz<\/strong>.&nbsp;<\/p>\n\n\n\n<div class=\"wp-block-columns are-vertically-aligned-center is-layout-flex wp-container-core-columns-is-layout-9d6595d7 wp-block-columns-is-layout-flex\">\n<div class=\"wp-block-column is-vertically-aligned-center is-layout-flow wp-block-column-is-layout-flow\" style=\"flex-basis:66.66%\">\n<figure class=\"wp-block-image size-large\"><img decoding=\"async\" src=\"https:\/\/psychologiepraxis.de\/wp-content\/uploads\/2024\/02\/Psychologische-Beratung-Aschaffenburg-Lebensfreude-Soziale-Beziehungen.jpg\" alt=\"\"\/><\/figure>\n<\/div>\n\n\n\n<div class=\"wp-block-column is-vertically-aligned-center is-layout-flow wp-block-column-is-layout-flow\" style=\"flex-basis:33.33%\">\n<h2 class=\"wp-block-heading alignfull has-medium-font-size\"><strong>Ressourcen-Aktivierung<\/strong> mit den sieben S\u00e4ulen der Resilienz<\/h2>\n\n\n\n<ul class=\"wp-block-list\">\n<li><strong>Optimismus<\/strong> <\/li>\n\n\n\n<li><strong>Akzeptanz<\/strong><\/li>\n\n\n\n<li><strong>Selbstwirksamkeit<\/strong><\/li>\n\n\n\n<li><strong>Verantwortung<\/strong><\/li>\n\n\n\n<li><strong>Netzwerkorientierung<\/strong><\/li>\n\n\n\n<li><strong>Zukunftsplanung<\/strong><\/li>\n\n\n\n<li><strong>L\u00f6sungsorientierung<\/strong>&nbsp;<\/li>\n<\/ul>\n<\/div>\n<\/div>\n\n\n\n<p>Ich lade euch ein in unser <strong>Instituts-B\u00fcro von INREPO<\/strong> in einer alten M\u00fchle in Obernburg am Main, wo wir seit 1.1.2025 arbeiten.&nbsp;Es lohnt sich Fahrgemeinschaften zu bilden und <strong>nach unserem Workshop einen Spaziergang durch die wundersch\u00f6ne Altstadt von Obernburg<\/strong> damit zu verkn\u00fcpfen. Ich reserviere uns gerne danach einen Tisch im Landgasthaus R\u00f6merhof um 17.30 Uhr zum Austausch und leiblichen Wohl.<\/p>\n\n\n\n<p><strong>Bitte gebt R\u00fcckmeldung \u00fcber Euer kommen via Systemli Croodle:<\/strong><\/p>\n\n\n\n<p><a href=\"https:\/\/www.systemli.org\/poll\/#\/poll\/Alpp525kue\/participation?encryptionKey=nN3r80v9YBqyAyGIlJozNrKrN1BeutOSzOhexJqB\">https:\/\/www.systemli.org\/poll\/#\/poll\/Alpp525kue\/participation?encryptionKey=nN3r80v9YBqyAyGIlJozNrKrN1BeutOSzOhexJqB<\/a><\/p>\n\n\n\n<p>Herzliche Gr\u00fc\u00dfe <br>Dipl.-Psych. Harald M\u00fcller<\/p>\n","protected":false},"excerpt":{"rendered":"<p>DIE REISE 3: Selbsthilfe und Unterst\u00fctzung f\u00fcr die eigene Heldenreise mit dem MINDCAMP\u201eMINDCAMP: Stabil zum Ziel\u201c \u2013 f\u00fcr mehr mentale Power und einen gesunden Umgang mit Stress! Ein 3-t\u00e4giges Training f\u00fcr Auszubildende mit Selbsteinsch\u00e4tzungstest und Stabilisierungskonzept. Vorgestellt von Harald M\u00fcller. \u201eInzwischen haben wir mehrere hundert Auszubildende damit trainiert und interessante Ergebnisse und sehr positive R\u00fcckmeldungen&hellip;&nbsp;<a href=\"https:\/\/abo-workshop.de\/content\/mindcamp-stabil-zum-ziel-selbsthilfe-und-unterstuetzung-im-beruflichen-alltag\/\" rel=\"bookmark\">Weiterlesen &raquo;<span class=\"screen-reader-text\">MINDCAMP stabil zum Ziel &#8211; Selbsthilfe und Unterst\u00fctzung im beruflichen Alltag<\/span><\/a><\/p>\n","protected":false},"author":4,"featured_media":476,"parent":0,"menu_order":0,"comment_status":"closed","ping_status":"closed","template":"","meta":{"neve_meta_sidebar":"","neve_meta_container":"","neve_meta_enable_content_width":"","neve_meta_content_width":0,"neve_meta_title_alignment":"","neve_meta_author_avatar":"","neve_post_elements_order":"","neve_meta_disable_header":"","neve_meta_disable_footer":"","neve_meta_disable_title":"","footnotes":""},"class_list":["post-473","page","type-page","status-publish","has-post-thumbnail","hentry"],"yoast_head":"<!-- This site is optimized with the Yoast SEO plugin v27.5 - https:\/\/yoast.com\/product\/yoast-seo-wordpress\/ -->\n<title>Selbsthilfe und Unterst\u00fctzung im Job mit Mindcamp stabil zum Ziel - ABO Workshop Wirtschaftspsychologie Seminare + Coaching<\/title>\n<meta name=\"description\" content=\"MINDCAMP stabil zum Ziel - Selbsthilfe und Unterst\u00fctzung im Job + beruflichen Alltag ABO-Workshop Wirtschaftspsychologie Rhein-Main\" \/>\n<meta name=\"robots\" content=\"index, follow, max-snippet:-1, max-image-preview:large, max-video-preview:-1\" \/>\n<link rel=\"canonical\" href=\"https:\/\/abo-workshop.de\/content\/mindcamp-stabil-zum-ziel-selbsthilfe-und-unterstuetzung-im-beruflichen-alltag\/\" \/>\n<meta property=\"og:locale\" content=\"de_DE\" \/>\n<meta property=\"og:type\" content=\"article\" \/>\n<meta property=\"og:title\" content=\"Selbsthilfe und Unterst\u00fctzung im Job mit Mindcamp stabil zum Ziel - ABO Workshop Wirtschaftspsychologie Seminare + Coaching\" \/>\n<meta property=\"og:description\" content=\"MINDCAMP stabil zum Ziel - Selbsthilfe und Unterst\u00fctzung im Job + beruflichen Alltag ABO-Workshop Wirtschaftspsychologie Rhein-Main\" \/>\n<meta property=\"og:url\" content=\"https:\/\/abo-workshop.de\/content\/mindcamp-stabil-zum-ziel-selbsthilfe-und-unterstuetzung-im-beruflichen-alltag\/\" \/>\n<meta property=\"og:site_name\" content=\"ABO Workshop Wirtschaftspsychologie Seminare + Coaching\" \/>\n<meta property=\"article:modified_time\" content=\"2025-09-24T16:16:19+00:00\" \/>\n<meta property=\"og:image\" content=\"https:\/\/abo-workshop.de\/content\/wp-content\/uploads\/2025\/05\/Mindcamp-Wirtschaftspsychologie-Rhein-Main-ABO-Workshop-07-2025-stabil-zum-ziel-selbsthilfe.jpg\" \/>\n\t<meta property=\"og:image:width\" content=\"1000\" \/>\n\t<meta property=\"og:image:height\" content=\"523\" \/>\n\t<meta property=\"og:image:type\" content=\"image\/jpeg\" \/>\n<meta name=\"twitter:card\" content=\"summary_large_image\" \/>\n<meta name=\"twitter:label1\" content=\"Gesch\u00e4tzte Lesezeit\" \/>\n\t<meta name=\"twitter:data1\" content=\"3\u00a0Minuten\" \/>\n<script type=\"application\/ld+json\" class=\"yoast-schema-graph\">{\"@context\":\"https:\\\/\\\/schema.org\",\"@graph\":[{\"@type\":\"WebPage\",\"@id\":\"https:\\\/\\\/abo-workshop.de\\\/content\\\/mindcamp-stabil-zum-ziel-selbsthilfe-und-unterstuetzung-im-beruflichen-alltag\\\/\",\"url\":\"https:\\\/\\\/abo-workshop.de\\\/content\\\/mindcamp-stabil-zum-ziel-selbsthilfe-und-unterstuetzung-im-beruflichen-alltag\\\/\",\"name\":\"Selbsthilfe und Unterst\u00fctzung im Job mit Mindcamp stabil zum Ziel - ABO Workshop Wirtschaftspsychologie Seminare + Coaching\",\"isPartOf\":{\"@id\":\"https:\\\/\\\/abo-workshop.de\\\/content\\\/#website\"},\"primaryImageOfPage\":{\"@id\":\"https:\\\/\\\/abo-workshop.de\\\/content\\\/mindcamp-stabil-zum-ziel-selbsthilfe-und-unterstuetzung-im-beruflichen-alltag\\\/#primaryimage\"},\"image\":{\"@id\":\"https:\\\/\\\/abo-workshop.de\\\/content\\\/mindcamp-stabil-zum-ziel-selbsthilfe-und-unterstuetzung-im-beruflichen-alltag\\\/#primaryimage\"},\"thumbnailUrl\":\"https:\\\/\\\/abo-workshop.de\\\/content\\\/wp-content\\\/uploads\\\/2025\\\/05\\\/Mindcamp-Wirtschaftspsychologie-Rhein-Main-ABO-Workshop-07-2025-stabil-zum-ziel-selbsthilfe.jpg\",\"datePublished\":\"2025-05-27T14:12:09+00:00\",\"dateModified\":\"2025-09-24T16:16:19+00:00\",\"description\":\"MINDCAMP stabil zum Ziel - Selbsthilfe und Unterst\u00fctzung im Job + beruflichen Alltag ABO-Workshop Wirtschaftspsychologie Rhein-Main\",\"breadcrumb\":{\"@id\":\"https:\\\/\\\/abo-workshop.de\\\/content\\\/mindcamp-stabil-zum-ziel-selbsthilfe-und-unterstuetzung-im-beruflichen-alltag\\\/#breadcrumb\"},\"inLanguage\":\"de\",\"potentialAction\":[{\"@type\":\"ReadAction\",\"target\":[\"https:\\\/\\\/abo-workshop.de\\\/content\\\/mindcamp-stabil-zum-ziel-selbsthilfe-und-unterstuetzung-im-beruflichen-alltag\\\/\"]}]},{\"@type\":\"ImageObject\",\"inLanguage\":\"de\",\"@id\":\"https:\\\/\\\/abo-workshop.de\\\/content\\\/mindcamp-stabil-zum-ziel-selbsthilfe-und-unterstuetzung-im-beruflichen-alltag\\\/#primaryimage\",\"url\":\"https:\\\/\\\/abo-workshop.de\\\/content\\\/wp-content\\\/uploads\\\/2025\\\/05\\\/Mindcamp-Wirtschaftspsychologie-Rhein-Main-ABO-Workshop-07-2025-stabil-zum-ziel-selbsthilfe.jpg\",\"contentUrl\":\"https:\\\/\\\/abo-workshop.de\\\/content\\\/wp-content\\\/uploads\\\/2025\\\/05\\\/Mindcamp-Wirtschaftspsychologie-Rhein-Main-ABO-Workshop-07-2025-stabil-zum-ziel-selbsthilfe.jpg\",\"width\":1000,\"height\":523,\"caption\":\"Mindcamp ABO-Workshop Wirtschaftspsychologie Rhein-Main - stabil zum Ziel Selbsthilfe und Unterst\u00fctzung Dipl.-Psych. Harald M\u00fcller ABO-Workshop Dipl.-Psych. J\u00fcrgen Junker\"},{\"@type\":\"BreadcrumbList\",\"@id\":\"https:\\\/\\\/abo-workshop.de\\\/content\\\/mindcamp-stabil-zum-ziel-selbsthilfe-und-unterstuetzung-im-beruflichen-alltag\\\/#breadcrumb\",\"itemListElement\":[{\"@type\":\"ListItem\",\"position\":1,\"name\":\"Startseite\",\"item\":\"https:\\\/\\\/abo-workshop.de\\\/content\\\/\"},{\"@type\":\"ListItem\",\"position\":2,\"name\":\"MINDCAMP stabil zum Ziel &#8211; Selbsthilfe und Unterst\u00fctzung im beruflichen Alltag\"}]},{\"@type\":\"WebSite\",\"@id\":\"https:\\\/\\\/abo-workshop.de\\\/content\\\/#website\",\"url\":\"https:\\\/\\\/abo-workshop.de\\\/content\\\/\",\"name\":\"ABO Workshop Wirtschaftspsychologie Seminare + Coaching\",\"description\":\"ABO-Workshop kollegiale Treffen zur Wirtschaftspsychologie Frankfurt + Rhein-Main\",\"publisher\":{\"@id\":\"https:\\\/\\\/abo-workshop.de\\\/content\\\/#organization\"},\"potentialAction\":[{\"@type\":\"SearchAction\",\"target\":{\"@type\":\"EntryPoint\",\"urlTemplate\":\"https:\\\/\\\/abo-workshop.de\\\/content\\\/?s={search_term_string}\"},\"query-input\":{\"@type\":\"PropertyValueSpecification\",\"valueRequired\":true,\"valueName\":\"search_term_string\"}}],\"inLanguage\":\"de\"},{\"@type\":\"Organization\",\"@id\":\"https:\\\/\\\/abo-workshop.de\\\/content\\\/#organization\",\"name\":\"ABO Workshop Wirtschaftspsychologie Seminare + Coaching\",\"url\":\"https:\\\/\\\/abo-workshop.de\\\/content\\\/\",\"logo\":{\"@type\":\"ImageObject\",\"inLanguage\":\"de\",\"@id\":\"https:\\\/\\\/abo-workshop.de\\\/content\\\/#\\\/schema\\\/logo\\\/image\\\/\",\"url\":\"https:\\\/\\\/abo-workshop.de\\\/content\\\/wp-content\\\/uploads\\\/2020\\\/12\\\/cropped-Logo-ABO-Workshop-Rhein-Main-1.gif\",\"contentUrl\":\"https:\\\/\\\/abo-workshop.de\\\/content\\\/wp-content\\\/uploads\\\/2020\\\/12\\\/cropped-Logo-ABO-Workshop-Rhein-Main-1.gif\",\"width\":348,\"height\":326,\"caption\":\"ABO Workshop Wirtschaftspsychologie Seminare + Coaching\"},\"image\":{\"@id\":\"https:\\\/\\\/abo-workshop.de\\\/content\\\/#\\\/schema\\\/logo\\\/image\\\/\"}}]}<\/script>\n<!-- \/ Yoast SEO plugin. -->","yoast_head_json":{"title":"Selbsthilfe und Unterst\u00fctzung im Job mit Mindcamp stabil zum Ziel - ABO Workshop Wirtschaftspsychologie Seminare + Coaching","description":"MINDCAMP stabil zum Ziel - Selbsthilfe und Unterst\u00fctzung im Job + beruflichen Alltag ABO-Workshop Wirtschaftspsychologie Rhein-Main","robots":{"index":"index","follow":"follow","max-snippet":"max-snippet:-1","max-image-preview":"max-image-preview:large","max-video-preview":"max-video-preview:-1"},"canonical":"https:\/\/abo-workshop.de\/content\/mindcamp-stabil-zum-ziel-selbsthilfe-und-unterstuetzung-im-beruflichen-alltag\/","og_locale":"de_DE","og_type":"article","og_title":"Selbsthilfe und Unterst\u00fctzung im Job mit Mindcamp stabil zum Ziel - ABO Workshop Wirtschaftspsychologie Seminare + Coaching","og_description":"MINDCAMP stabil zum Ziel - Selbsthilfe und Unterst\u00fctzung im Job + beruflichen Alltag ABO-Workshop Wirtschaftspsychologie Rhein-Main","og_url":"https:\/\/abo-workshop.de\/content\/mindcamp-stabil-zum-ziel-selbsthilfe-und-unterstuetzung-im-beruflichen-alltag\/","og_site_name":"ABO Workshop Wirtschaftspsychologie Seminare + Coaching","article_modified_time":"2025-09-24T16:16:19+00:00","og_image":[{"width":1000,"height":523,"url":"https:\/\/abo-workshop.de\/content\/wp-content\/uploads\/2025\/05\/Mindcamp-Wirtschaftspsychologie-Rhein-Main-ABO-Workshop-07-2025-stabil-zum-ziel-selbsthilfe.jpg","type":"image\/jpeg"}],"twitter_card":"summary_large_image","twitter_misc":{"Gesch\u00e4tzte Lesezeit":"3\u00a0Minuten"},"schema":{"@context":"https:\/\/schema.org","@graph":[{"@type":"WebPage","@id":"https:\/\/abo-workshop.de\/content\/mindcamp-stabil-zum-ziel-selbsthilfe-und-unterstuetzung-im-beruflichen-alltag\/","url":"https:\/\/abo-workshop.de\/content\/mindcamp-stabil-zum-ziel-selbsthilfe-und-unterstuetzung-im-beruflichen-alltag\/","name":"Selbsthilfe und Unterst\u00fctzung im Job mit Mindcamp stabil zum Ziel - ABO Workshop Wirtschaftspsychologie Seminare + Coaching","isPartOf":{"@id":"https:\/\/abo-workshop.de\/content\/#website"},"primaryImageOfPage":{"@id":"https:\/\/abo-workshop.de\/content\/mindcamp-stabil-zum-ziel-selbsthilfe-und-unterstuetzung-im-beruflichen-alltag\/#primaryimage"},"image":{"@id":"https:\/\/abo-workshop.de\/content\/mindcamp-stabil-zum-ziel-selbsthilfe-und-unterstuetzung-im-beruflichen-alltag\/#primaryimage"},"thumbnailUrl":"https:\/\/abo-workshop.de\/content\/wp-content\/uploads\/2025\/05\/Mindcamp-Wirtschaftspsychologie-Rhein-Main-ABO-Workshop-07-2025-stabil-zum-ziel-selbsthilfe.jpg","datePublished":"2025-05-27T14:12:09+00:00","dateModified":"2025-09-24T16:16:19+00:00","description":"MINDCAMP stabil zum Ziel - Selbsthilfe und Unterst\u00fctzung im Job + beruflichen Alltag ABO-Workshop Wirtschaftspsychologie Rhein-Main","breadcrumb":{"@id":"https:\/\/abo-workshop.de\/content\/mindcamp-stabil-zum-ziel-selbsthilfe-und-unterstuetzung-im-beruflichen-alltag\/#breadcrumb"},"inLanguage":"de","potentialAction":[{"@type":"ReadAction","target":["https:\/\/abo-workshop.de\/content\/mindcamp-stabil-zum-ziel-selbsthilfe-und-unterstuetzung-im-beruflichen-alltag\/"]}]},{"@type":"ImageObject","inLanguage":"de","@id":"https:\/\/abo-workshop.de\/content\/mindcamp-stabil-zum-ziel-selbsthilfe-und-unterstuetzung-im-beruflichen-alltag\/#primaryimage","url":"https:\/\/abo-workshop.de\/content\/wp-content\/uploads\/2025\/05\/Mindcamp-Wirtschaftspsychologie-Rhein-Main-ABO-Workshop-07-2025-stabil-zum-ziel-selbsthilfe.jpg","contentUrl":"https:\/\/abo-workshop.de\/content\/wp-content\/uploads\/2025\/05\/Mindcamp-Wirtschaftspsychologie-Rhein-Main-ABO-Workshop-07-2025-stabil-zum-ziel-selbsthilfe.jpg","width":1000,"height":523,"caption":"Mindcamp ABO-Workshop Wirtschaftspsychologie Rhein-Main - stabil zum Ziel Selbsthilfe und Unterst\u00fctzung Dipl.-Psych. Harald M\u00fcller ABO-Workshop Dipl.-Psych. J\u00fcrgen Junker"},{"@type":"BreadcrumbList","@id":"https:\/\/abo-workshop.de\/content\/mindcamp-stabil-zum-ziel-selbsthilfe-und-unterstuetzung-im-beruflichen-alltag\/#breadcrumb","itemListElement":[{"@type":"ListItem","position":1,"name":"Startseite","item":"https:\/\/abo-workshop.de\/content\/"},{"@type":"ListItem","position":2,"name":"MINDCAMP stabil zum Ziel &#8211; Selbsthilfe und Unterst\u00fctzung im beruflichen Alltag"}]},{"@type":"WebSite","@id":"https:\/\/abo-workshop.de\/content\/#website","url":"https:\/\/abo-workshop.de\/content\/","name":"ABO Workshop Wirtschaftspsychologie Seminare + Coaching","description":"ABO-Workshop kollegiale Treffen zur Wirtschaftspsychologie Frankfurt + Rhein-Main","publisher":{"@id":"https:\/\/abo-workshop.de\/content\/#organization"},"potentialAction":[{"@type":"SearchAction","target":{"@type":"EntryPoint","urlTemplate":"https:\/\/abo-workshop.de\/content\/?s={search_term_string}"},"query-input":{"@type":"PropertyValueSpecification","valueRequired":true,"valueName":"search_term_string"}}],"inLanguage":"de"},{"@type":"Organization","@id":"https:\/\/abo-workshop.de\/content\/#organization","name":"ABO Workshop Wirtschaftspsychologie Seminare + Coaching","url":"https:\/\/abo-workshop.de\/content\/","logo":{"@type":"ImageObject","inLanguage":"de","@id":"https:\/\/abo-workshop.de\/content\/#\/schema\/logo\/image\/","url":"https:\/\/abo-workshop.de\/content\/wp-content\/uploads\/2020\/12\/cropped-Logo-ABO-Workshop-Rhein-Main-1.gif","contentUrl":"https:\/\/abo-workshop.de\/content\/wp-content\/uploads\/2020\/12\/cropped-Logo-ABO-Workshop-Rhein-Main-1.gif","width":348,"height":326,"caption":"ABO Workshop Wirtschaftspsychologie Seminare + Coaching"},"image":{"@id":"https:\/\/abo-workshop.de\/content\/#\/schema\/logo\/image\/"}}]}},"_links":{"self":[{"href":"https:\/\/abo-workshop.de\/content\/wp-json\/wp\/v2\/pages\/473","targetHints":{"allow":["GET"]}}],"collection":[{"href":"https:\/\/abo-workshop.de\/content\/wp-json\/wp\/v2\/pages"}],"about":[{"href":"https:\/\/abo-workshop.de\/content\/wp-json\/wp\/v2\/types\/page"}],"author":[{"embeddable":true,"href":"https:\/\/abo-workshop.de\/content\/wp-json\/wp\/v2\/users\/4"}],"replies":[{"embeddable":true,"href":"https:\/\/abo-workshop.de\/content\/wp-json\/wp\/v2\/comments?post=473"}],"version-history":[{"count":4,"href":"https:\/\/abo-workshop.de\/content\/wp-json\/wp\/v2\/pages\/473\/revisions"}],"predecessor-version":[{"id":495,"href":"https:\/\/abo-workshop.de\/content\/wp-json\/wp\/v2\/pages\/473\/revisions\/495"}],"wp:featuredmedia":[{"embeddable":true,"href":"https:\/\/abo-workshop.de\/content\/wp-json\/wp\/v2\/media\/476"}],"wp:attachment":[{"href":"https:\/\/abo-workshop.de\/content\/wp-json\/wp\/v2\/media?parent=473"}],"curies":[{"name":"wp","href":"https:\/\/api.w.org\/{rel}","templated":true}]}}